 - 2*c. Determine b(n).
-2
Let q = 1 + 1. Let x(r) = r + 7. Let v be x(-5). Let h(f) = 2*f**v - f - 6*f**2 + 5*f**2 + 2. Give h(q).
4
Suppose -8*z - 1 = 47. Let t(m) = m + 7. Give t(z).
1
Suppose -q + 4 + 0 = 0. Let m(f) be the first derivative of -8*f - 1. Let t(i) = -i. Let u(k) = -m(k) + t(k). Calculate u(q).
4
Let m(h) = 5 - 3 + h + 3. What is m(4)?
9
Let d be (-9)/15 + (-69)/(-15). Suppose -m - d = m. Let w(x) = -x**2 - 2. Determine w(m).
-6
Let g(f) = 2*f**3 + 2*f - 1. Let o(c) = -c**2 + 4*c - 3. Let h be o(2). Let n be g(h). Let b be n*(-2 - 0 - -1). Let w(z) = z - 3. Give w(b).
-6
Let z(k) = -k**2 - 4*k + 2. Let c be z(-4). Suppose -5*u - 15 = -c*u. Let x(y) be the third derivative of -y**5/60 - y**4/4 + y**3/6 + 4*y**2. Determine x(u).
6
Let k(a) = a - 1. Let m be k(2). Let i be 6/(m - 0/(-3)). Let w be 42/(-11) - i/33. Let t(l) = l**3 + 4*l**2 - 3. Calculate t(w).
-3
Let x(w) be the second derivative of -w**4/12 + 2*w**3/3 + 5*w**2/2 - 4*w. Let g be (0 - (-2)/(-6))*-6. Let l be -2*g/(-4)*5. What is x(l)?
0
Let x be (-4)/(-24) - (-38)/(-12). Let i(c) = c**3 + 3*c**2 - c + 4. What is i(x)?
7
Let j(s) = -s**3 - 4*s**2 - 4*s + 4*s - s - s + 1. What is j(-4)?
9
Suppose o = -o - 12. Let l = o + 9. Let v(f) = 7 - l - 3 - f. Give v(-2).
3
Let k(f) = -6*f**2 + 6 + 6*f**3 - 7*f**3 - 12*f + 23*f - f**2. Calculate k(-8).
-18
Let n(q) = q**2 - 3*q - 5. Let i be 4/16 - 2/8. Let r be (6 + i)/(3/2). Determine n(r).
-1
Let f(o) be the third derivative of -1/10*o**5 + 0 + 0*o**4 - 1/120*o**6 - o**2 - 4/3*o**3 + 0*o. Give f(-6).
-8
Let f(o) = -3*o + 3. Suppose -2*u - 2*s = -6, u + s = 3*s. Suppose u*x - 6 = 4*x. Calculate f(x).
12
Suppose -5*w = -3*w. Let r = w - 3. Let n(o) be the second derivative of -o**4/12 - 2*o**3/3 + 3*o**2/2 + 4*o. Give n(r).
6
Suppose 0 = -s, -5*f + 20 = 4*s + s. Suppose 3*n - 15 = 0, -5*x - 5*n = -20 - 15. Let o be (1 - (f + -2)) + x. Let b(u) = 2*u**2 - 1. What is b(o)?
1
Let g = 4 - -1. Suppose j + 15 = -5*k + 3*j, -g*k - 3*j + 10 = 0. Let z(a) = -3 + 4 + 2*a + 2*a. Give z(k).
-3
Suppose 3*x - 7 = -1. Let y(b) = 5*b**2 - 2 + 0 + b + 2*b**2 - 6*b**x. Give y(-3).
4
Let n(l) be the second derivative of -l**5/20 + l**4/12 - l**3/6 - 3*l**2 + 7*l. Calculate n(0).
-6
Let x(m) = -m**3 + 6*m**2 + 8*m - 6. Suppose 23 = 4*h - t, 2*h - t + 6 = 3*t. What is x(h)?
1
Let m(v) = -v**2 - v + 1. Suppose 3*n = -3*w - 6 + 15, -4*w = 5*n - 15. Give m(n).
-11
Suppose 7 = 2*l - 15. Let v = -15 - -8. Let s = v + l. Let r(y) = -y**3 + 5*y**2 - 6*y + 5. Give r(s).
-3
Let g = 4 + -2. Suppose -3*y = g*y. Let t = y - 2. Let q(a) = a + 1. Give q(t).
-1
Let m = 27 + -14. Suppose -m - 3 = -4*y. Let i(x) = x**3 - 5*x**2 + 5. Let r(l) = -6*l**2 + 6. Let v(g) = y*r(g) - 5*i(g). Calculate v(1).
-5
Suppose 5 = -3*q - 1. Let t be (-1)/(2 + (-10)/4). Let n(w) = 2*w + 2 + 3*w**2 - w**3 - 3*w**t - 2*w**2. Calculate n(q).
-2
Let s(j) be the second derivative of 1/2*j**2 + 1/6*j**3 - j + 0. Calculate s(3).
4
Let t(x) = -19 + 2*x + 13 - 3*x + 4. Calculate t(-4).
2
Let v(r) = r - 5. Let z be v(10). Suppose -f + 1 = 2*s - s, 3*s + z*f = 13. Let h(a) = -a**2 - 4*a - 6. Determine h(s).
-6
Let l(v) = -5*v - 3. Let u(t) = -11*t - 6. Let h(z) = -13*l(z) + 6*u(z). Calculate h(0).
3
Let p(b) be the first derivative of -b**5/20 - b**4/6 + b**3/6 + b**2 - 3*b - 3. Let x(z) be the first derivative of p(z). Give x(-2).
0
Let u(r) = -r**2 - 4*r + 4. Let p be u(-4). Let a(m) = -7 - 2*m**2 + 0*m**2 + 7 - m - p*m**3. Calculate a(-1).
3
Let z(j) = -2*j + 3*j - 2 - 1 + 1. Calculate z(-6).
-8
Let i(t) = -2*t + 2. Suppose 3*o + 12 = 6*o. Suppose 4*b - 12 + o = 0. What is i(b)?
-2
Let l(b) = 3*b**2 + 6*b - 1. Let c(a) = 7*a**2 + 11*a - 2. Suppose -5*y = 5*p - 55, -3*y - 20 = 4*p - 57. Let s(q) = y*l(q) - 4*c(q). Calculate s(1).
-8
Let n(d) = d + 1. Let c(t) = t**3 + 8*t**2 - 3*t - 3. Let m(i) = c(i) + 4*n(i). Determine m(-8).
-7
Let y(k) = 4*k + 0*k - 3*k + 2*k. What is y(-4)?
-12
Suppose f - 17 = 4*f - 2*r, 5*r + 45 = -5*f. Let m(a) = -a - 1. Let o(p) = -5*p - 10. Let j(d) = -4*m(d) + o(d). Calculate j(f).
1
Let o(m) = -m**3 + 7*m**2 - 6*m. Let z be o(6). Suppose z = -2*b + 4*b - 6. Let x(v) = -v**b - 5 + 2*v**3 - 2*v**3. Calculate x(0).
-5
Suppose 97 - 29 = -4*h. Let b(d) = 29*d - 20. Let z(k) = -10*k + 7. Let y(f) = h*z(f) - 6*b(f). Give y(-1).
5
Let l(o) be the third derivative of -o**4/24 + o**3/2 + 6*o**2. Let s = 0 - -3. Suppose -6 = 5*w - s*w. Determine l(w).
6
Let q(s) = s + 11. Let i be q(-7). Suppose i + 0 = 2*d. Let a(c) = -c**d + 10 - 9 + 0*c + c. What is a(0)?
1
Let z be ((-2)/4)/((-3)/72). Suppose z = 4*b - 2*g, -2*g = -b - 0*b. Let o(m) = m**3 - 3*m**2 - 4*m + 3. Calculate o(b).
3
Suppose -2*f - 16 = -0*f. Let h = f + 11. Let d(p) = p**2 - 4*p + 2. Calculate d(h).
-1
Suppose 0 = -o + 3*b + 5, -5*o - 18 = 4*b - 43. Suppose v = -0*v - 2*x + 8, 0 = 3*v + o*x - 19. Let w(r) = -4*r. Calculate w(v).
8
Let k(x) = 4*x**2 - 9*x - 6. Let a(h) = 5*h**2 - 10*h - 8. Let o(v) = -2*a(v) + 3*k(v). Determine o(5).
13
Let i(p) be the second derivative of -2/3*p**3 + 0 - p + 1/12*p**4 + 3/2*p**2. Let g(v) = v**2 + 6*v + 5. Let r be g(-6). Calculate i(r).
8
Let r(y) = -y + 1. Let b(s) = 3*s - 4. Suppose -2*n = -5 + 1. Let d(g) = n*r(g) + 2*b(g). Calculate d(4).
10
Suppose 5*b - 1 = -f + 2*b, -4*b + 16 = 5*f. Let g(k) = -k**2 + k - 8. Let o(x) = -x**2 + x - 7. Let c(v) = f*g(v) - 5*o(v). Determine c(0).
3
Let a(f) be the first derivative of 2*f**3/3 + 2*f**2 + 2*f + 3. Determine a(-4).
18
Let v(s) = -2*s**2 + 8*s + 3. Let r(x) = x**2 + 1. Let l(p) = -3*r(p) - v(p). Give l(-5).
9
Let j = -6 + 7. Suppose -3*s - j - 2 = 0. Let x(q) = -5*q**2. Give x(s).
-5
Let u(c) be the second derivative of -3/10*c**5 + 0 - 1/6*c**4 + 2*c + 0*c**2 - 1/6*c**3. Suppose 0 = -3*l + 3*t - 0*t - 9, t + 1 = -3*l. Determine u(l).
5
Let r be 22/77 + 2/(-7). Let s(p) = -p**2 + p + 8. Give s(r).
8
Let i(t) be the third derivative of -t**4/24 + t**3/3 - 3*t**2. Let z be 3/6*(2 - 2). Suppose j = -n - 7 - z, n = -2*j - 9. What is i(n)?
7
Let l be 3/((-3)/(-7)) - 1. Let o(q) be the first derivative of -q**4/4 + 7*q**3/3 - 7*q**2/2 + q - 59. What is o(l)?
-5
Let j(c) = -c + 1. Let p(l) = 7*l - 10. Let b(i) = 6*j(i) + p(i). Suppose 0 = -6*h + 13 + 17. Calculate b(h).
1
Let h(w) = -2*w + 4. Let l = -4 + 7. Let g(k) = -3*k + 1. Let t be g(l). Let x = -4 - t. Determine h(x).
-4
Let w(n) = 4*n - 4*n - n + 0*n. Let c(a) = -7*a - 2. Let u(d) = -c(d) + 2*w(d). Determine u(-2).
-8
Let a(k) = k**2 - 4*k + 2. Let s = 22 + -19. Give a(s).
-1
Let f be (7 - 10)*2/(-2). Let q(c) = 3 - 4 + f - c. Calculate q(2).
0
Let i(v) = v**2 - v - 1. Suppose 2*u - 6 = -3*m, -2*m - m = -2*u - 6. Calculate i(u).
-1
Let n(q) be the third derivative of q**6/10 - q**4/24 - q**3/6 - 14*q**2. Calculate n(-1).
-12
Let h(y) = y**3 + 3*y**2 - y**2 + 4 + 7*y + 4*y**2. Calculate h(-5).
-6
Let z(j) be the third derivative of -j**6/120 - 2*j**5/15 - 7*j**4/24 + 17*j**2. Determine z(-7).
0
Let k(p) = -15 - 4*p + 1 - p + 3*p. Let c be k(-7). Let u(y) = y**2 + 4*y - 8. Let o(h) = -h**2 - 3*h + 8. Let v(s) = 3*o(s) + 2*u(s). Determine v(c).
8
Let w = 30 - 21. Suppose 0 = -p - 2*x + w + 5, 5*p - 42 = 4*x. Suppose 2*y = -0*y + p. Let r(z) = -z**2 + 5*z + 2. Calculate r(y).
2
Suppose 0 = -2*p - 2*p + 12. Let l(x) = -4 + 0*x - x + p*x. Give l(5).
6
Suppose -5*y - 4 - 1 = 0. Let c(i) = 10*i**3 - 2*i - 1. Give c(y).
-9
Let b be (6/(-2) + 1)/1. Let t(w) be the first derivative of -w**3/3 + w - 7. Let z be t(b). Let x(p) = p**3 + 4*p**2 + 2*p - 4. What is x(z)?
-1
Let f(y) = -2*y - 13. Let g(b) = 6*b + 39. Let l(s) = 8*f(s) + 3*g(s). Let k(h) = -h - 7. Let a(v) = -7*k(v) - 4*l(v). Calculate a(-6).
3
Let y = 18 + -7. Suppose 3*h - y = 4. Suppose -h*d - 12 = -2*d. Let a(l) = -2*l. Determine a(d).
8
Let f(h) = h + 1. Let y(m) = -5*m - 1. Let s(n) = 6*f(n) + 3*y(n). Determine s(2).
-15
Suppose -5*j + 20 = -0*j. Suppose 3*d = j*f + 10, -2*f - 16 = -0*f + 4*d. Let v be 14/f + (-1)/2. Let u(a) = a + 5. Calculate u(v).
1
Let j(y) = 6 + 0 - 2 - y. Suppose 0 = -d - 5 + 2. What is j(d)?
7
Suppose 0 = -q + 5*g - 61, -3*g + 217 = -5*q - 0*q. Let i = 35 + q. Let y(c) = 3*c - 4. Let t(p) = 4*p - 5. Let o(m) = 4*t(m) - 5*y(m). Determine o(i).
-6
Let m(k) = -k**3 + 4*k**2 + 6*k + 1. Suppose